{"id":8,"date":"2018-01-04T16:23:02","date_gmt":"2018-01-04T15:23:02","guid":{"rendered":"http:\/\/test.ejwleo.de\/lagerlive\/?page_id=8"},"modified":"2018-01-04T16:23:02","modified_gmt":"2018-01-04T15:23:02","slug":"motto","status":"publish","type":"page","link":"https:\/\/ejwleo.de\/lagerlive\/motto\/","title":{"rendered":"Motto"},"content":{"rendered":"<p><a href=\"http:\/\/test.ejwleo.de\/lagerlive\/wp-content\/uploads\/sites\/2\/2015\/05\/David-Logo-Vektor.png\"><img loading=\"lazy\" decoding=\"async\" class=\" wp-image-111 aligncenter\" src=\"http:\/\/test.ejwleo.de\/lagerlive\/wp-content\/uploads\/sites\/2\/2015\/05\/David-Logo-Vektor.png\" alt=\"David Logo Vektor\" width=\"290\" height=\"143\" srcset=\"https:\/\/ejwleo.de\/lagerlive\/wp-content\/uploads\/sites\/2\/2015\/05\/David-Logo-Vektor.png 2048w, https:\/\/ejwleo.de\/lagerlive\/wp-content\/uploads\/sites\/2\/2015\/05\/David-Logo-Vektor-300x148.png 300w, https:\/\/ejwleo.de\/lagerlive\/wp-content\/uploads\/sites\/2\/2015\/05\/David-Logo-Vektor-768x379.png 768w, https:\/\/ejwleo.de\/lagerlive\/wp-content\/uploads\/sites\/2\/2015\/05\/David-Logo-Vektor-1024x505.png 1024w\" sizes=\"auto, (max-width: 290px) 100vw, 290px\" \/><\/a><\/p>\n<p>Wenn man das Motto zum ersten Mal liest, denkt man doch, dass da ist ein Rechtschreibfehler drin ist. Anstatt Saite m\u00fcsste Seite stehen. Doch das ist bewusst so gew\u00e4hlt. Einerseits war David ein sehr guter Musiker, die Harfe war sein Instrument. Immer wenn K\u00f6nig Saul w\u00fctend wurde, spielte er die Harfe um ihn zu beruhigen. Und andererseits war David K\u00f6nig, der Nachfolger von K\u00f6nig Saul. Er war ein Mann, der mit Gott unterwegs war. Er hat in allen Lebenslagen Gott vertraut und sein Umgang mit seinen Feinden war vorbildlich. David war aber nicht fehlerlos. Er hat mit Bathseba Ehebruch begangen und als Gott ihm diesen Fehler ankreidete, hat David tiefe Reue gezeigt und Gott um Vergebung gebeten. Das hat David ein St\u00fcck weit ausgemacht, er hat seine Fehler bekannt und hat sie vor Gott gebracht. David hat auch sehr viele Lieder gedichtet, die Psalmen. Sie haben f\u00fcr uns heute noch eine sehr gro\u00dfe Bedeutung und sind in vielen Gottesdiensten ein fester Bestandteil. Jesus Christus ist ein Nachkomme Davids, deswegen hat er auch eine ganz besondere Bedeutung f\u00fcr das Christentum. David war also ein ganz besonderer Mann, der nicht in Vergessenheit ger\u00e4t und uns ein echtes Vorbild sein kann.<\/p>\n","protected":false},"excerpt":{"rendered":"<p>Wenn man das Motto zum ersten Mal liest, denkt man doch, dass da ist ein Rechtschreibfehler drin ist. Anstatt Saite m\u00fcsste Seite stehen. Doch das ist bewusst so gew\u00e4hlt. Einerseits war David ein sehr guter Musiker, die Harfe war sein Instrument. Immer wenn K\u00f6nig Saul w\u00fctend wurde, spielte er die Harfe um ihn zu beruhigen. [&hellip;]<\/p>\n","protected":false},"author":1,"featured_media":0,"parent":0,"menu_order":0,"comment_status":"closed","ping_status":"closed","template":"","meta":{"_acf_changed":false,"footnotes":""},"class_list":["post-8","page","type-page","status-publish","hentry"],"acf":[],"yoast_head":"<!-- This site is optimized with the Yoast SEO plugin v27.4 - https:\/\/yoast.com\/product\/yoast-seo-wordpress\/ -->\n<title>Motto - LagerLive | Ev. Jugendwerk Bezirk Leonberg<\/title>\n<meta name=\"robots\" content=\"index, follow, max-snippet:-1, max-image-preview:large, max-video-preview:-1\" \/>\n<link rel=\"canonical\" href=\"https:\/\/ejwleo.de\/lagerlive\/motto\/\" \/>\n<meta property=\"og:locale\" content=\"de_DE\" \/>\n<meta property=\"og:type\" content=\"article\" \/>\n<meta property=\"og:title\" content=\"Motto - LagerLive | Ev. Jugendwerk Bezirk Leonberg\" \/>\n<meta property=\"og:description\" content=\"Wenn man das Motto zum ersten Mal liest, denkt man doch, dass da ist ein Rechtschreibfehler drin ist. Anstatt Saite m\u00fcsste Seite stehen. Doch das ist bewusst so gew\u00e4hlt. Einerseits war David ein sehr guter Musiker, die Harfe war sein Instrument. Immer wenn K\u00f6nig Saul w\u00fctend wurde, spielte er die Harfe um ihn zu beruhigen. [&hellip;]\" \/>\n<meta property=\"og:url\" content=\"https:\/\/ejwleo.de\/lagerlive\/motto\/\" \/>\n<meta property=\"og:site_name\" content=\"LagerLive | Ev. Jugendwerk Bezirk Leonberg\" \/>\n<meta property=\"og:image\" content=\"http:\/\/test.ejwleo.de\/lagerlive\/wp-content\/uploads\/sites\/2\/2015\/05\/David-Logo-Vektor.png\" \/>\n<meta name=\"twitter:card\" content=\"summary_large_image\" \/>\n<meta name=\"twitter:label1\" content=\"Gesch\u00e4tzte Lesezeit\" \/>\n\t<meta name=\"twitter:data1\" content=\"1\u00a0Minute\" \/>\n<script type=\"application\/ld+json\" class=\"yoast-schema-graph\">{\"@context\":\"https:\\\/\\\/schema.org\",\"@graph\":[{\"@type\":\"WebPage\",\"@id\":\"https:\\\/\\\/ejwleo.de\\\/lagerlive\\\/motto\\\/\",\"url\":\"https:\\\/\\\/ejwleo.de\\\/lagerlive\\\/motto\\\/\",\"name\":\"Motto - LagerLive | Ev. Jugendwerk Bezirk Leonberg\",\"isPartOf\":{\"@id\":\"https:\\\/\\\/ejwleo.de\\\/lagerlive\\\/#website\"},\"primaryImageOfPage\":{\"@id\":\"https:\\\/\\\/ejwleo.de\\\/lagerlive\\\/motto\\\/#primaryimage\"},\"image\":{\"@id\":\"https:\\\/\\\/ejwleo.de\\\/lagerlive\\\/motto\\\/#primaryimage\"},\"thumbnailUrl\":\"http:\\\/\\\/test.ejwleo.de\\\/lagerlive\\\/wp-content\\\/uploads\\\/sites\\\/2\\\/2015\\\/05\\\/David-Logo-Vektor.png\",\"datePublished\":\"2018-01-04T15:23:02+00:00\",\"breadcrumb\":{\"@id\":\"https:\\\/\\\/ejwleo.de\\\/lagerlive\\\/motto\\\/#breadcrumb\"},\"inLanguage\":\"de\",\"potentialAction\":[{\"@type\":\"ReadAction\",\"target\":[\"https:\\\/\\\/ejwleo.de\\\/lagerlive\\\/motto\\\/\"]}]},{\"@type\":\"ImageObject\",\"inLanguage\":\"de\",\"@id\":\"https:\\\/\\\/ejwleo.de\\\/lagerlive\\\/motto\\\/#primaryimage\",\"url\":\"http:\\\/\\\/test.ejwleo.de\\\/lagerlive\\\/wp-content\\\/uploads\\\/sites\\\/2\\\/2015\\\/05\\\/David-Logo-Vektor.png\",\"contentUrl\":\"http:\\\/\\\/test.ejwleo.de\\\/lagerlive\\\/wp-content\\\/uploads\\\/sites\\\/2\\\/2015\\\/05\\\/David-Logo-Vektor.png\"},{\"@type\":\"BreadcrumbList\",\"@id\":\"https:\\\/\\\/ejwleo.de\\\/lagerlive\\\/motto\\\/#breadcrumb\",\"itemListElement\":[{\"@type\":\"ListItem\",\"position\":1,\"name\":\"Startseite\",\"item\":\"https:\\\/\\\/ejwleo.de\\\/lagerlive\\\/\"},{\"@type\":\"ListItem\",\"position\":2,\"name\":\"Motto\"}]},{\"@type\":\"WebSite\",\"@id\":\"https:\\\/\\\/ejwleo.de\\\/lagerlive\\\/#website\",\"url\":\"https:\\\/\\\/ejwleo.de\\\/lagerlive\\\/\",\"name\":\"LagerLive | Ev. Jugendwerk Bezirk Leonberg\",\"description\":\"LagerLive | Ev. Jugendwerk Bezirk Leonberg\",\"publisher\":{\"@id\":\"https:\\\/\\\/ejwleo.de\\\/lagerlive\\\/#organization\"},\"potentialAction\":[{\"@type\":\"SearchAction\",\"target\":{\"@type\":\"EntryPoint\",\"urlTemplate\":\"https:\\\/\\\/ejwleo.de\\\/lagerlive\\\/?s={search_term_string}\"},\"query-input\":{\"@type\":\"PropertyValueSpecification\",\"valueRequired\":true,\"valueName\":\"search_term_string\"}}],\"inLanguage\":\"de\"},{\"@type\":\"Organization\",\"@id\":\"https:\\\/\\\/ejwleo.de\\\/lagerlive\\\/#organization\",\"name\":\"LagerLive | Ev. Jugendwerk Bezirk Leonberg\",\"url\":\"https:\\\/\\\/ejwleo.de\\\/lagerlive\\\/\",\"logo\":{\"@type\":\"ImageObject\",\"inLanguage\":\"de\",\"@id\":\"https:\\\/\\\/ejwleo.de\\\/lagerlive\\\/#\\\/schema\\\/logo\\\/image\\\/\",\"url\":\"\",\"contentUrl\":\"\",\"caption\":\"LagerLive | Ev. Jugendwerk Bezirk Leonberg\"},\"image\":{\"@id\":\"https:\\\/\\\/ejwleo.de\\\/lagerlive\\\/#\\\/schema\\\/logo\\\/image\\\/\"}}]}<\/script>\n<!-- \/ Yoast SEO plugin. -->","yoast_head_json":{"title":"Motto - LagerLive | Ev. Jugendwerk Bezirk Leonberg","robots":{"index":"index","follow":"follow","max-snippet":"max-snippet:-1","max-image-preview":"max-image-preview:large","max-video-preview":"max-video-preview:-1"},"canonical":"https:\/\/ejwleo.de\/lagerlive\/motto\/","og_locale":"de_DE","og_type":"article","og_title":"Motto - LagerLive | Ev. Jugendwerk Bezirk Leonberg","og_description":"Wenn man das Motto zum ersten Mal liest, denkt man doch, dass da ist ein Rechtschreibfehler drin ist. Anstatt Saite m\u00fcsste Seite stehen. Doch das ist bewusst so gew\u00e4hlt. Einerseits war David ein sehr guter Musiker, die Harfe war sein Instrument. Immer wenn K\u00f6nig Saul w\u00fctend wurde, spielte er die Harfe um ihn zu beruhigen. [&hellip;]","og_url":"https:\/\/ejwleo.de\/lagerlive\/motto\/","og_site_name":"LagerLive | Ev. Jugendwerk Bezirk Leonberg","og_image":[{"url":"http:\/\/test.ejwleo.de\/lagerlive\/wp-content\/uploads\/sites\/2\/2015\/05\/David-Logo-Vektor.png","type":"","width":"","height":""}],"twitter_card":"summary_large_image","twitter_misc":{"Gesch\u00e4tzte Lesezeit":"1\u00a0Minute"},"schema":{"@context":"https:\/\/schema.org","@graph":[{"@type":"WebPage","@id":"https:\/\/ejwleo.de\/lagerlive\/motto\/","url":"https:\/\/ejwleo.de\/lagerlive\/motto\/","name":"Motto - LagerLive | Ev. Jugendwerk Bezirk Leonberg","isPartOf":{"@id":"https:\/\/ejwleo.de\/lagerlive\/#website"},"primaryImageOfPage":{"@id":"https:\/\/ejwleo.de\/lagerlive\/motto\/#primaryimage"},"image":{"@id":"https:\/\/ejwleo.de\/lagerlive\/motto\/#primaryimage"},"thumbnailUrl":"http:\/\/test.ejwleo.de\/lagerlive\/wp-content\/uploads\/sites\/2\/2015\/05\/David-Logo-Vektor.png","datePublished":"2018-01-04T15:23:02+00:00","breadcrumb":{"@id":"https:\/\/ejwleo.de\/lagerlive\/motto\/#breadcrumb"},"inLanguage":"de","potentialAction":[{"@type":"ReadAction","target":["https:\/\/ejwleo.de\/lagerlive\/motto\/"]}]},{"@type":"ImageObject","inLanguage":"de","@id":"https:\/\/ejwleo.de\/lagerlive\/motto\/#primaryimage","url":"http:\/\/test.ejwleo.de\/lagerlive\/wp-content\/uploads\/sites\/2\/2015\/05\/David-Logo-Vektor.png","contentUrl":"http:\/\/test.ejwleo.de\/lagerlive\/wp-content\/uploads\/sites\/2\/2015\/05\/David-Logo-Vektor.png"},{"@type":"BreadcrumbList","@id":"https:\/\/ejwleo.de\/lagerlive\/motto\/#breadcrumb","itemListElement":[{"@type":"ListItem","position":1,"name":"Startseite","item":"https:\/\/ejwleo.de\/lagerlive\/"},{"@type":"ListItem","position":2,"name":"Motto"}]},{"@type":"WebSite","@id":"https:\/\/ejwleo.de\/lagerlive\/#website","url":"https:\/\/ejwleo.de\/lagerlive\/","name":"LagerLive | Ev. Jugendwerk Bezirk Leonberg","description":"LagerLive | Ev. Jugendwerk Bezirk Leonberg","publisher":{"@id":"https:\/\/ejwleo.de\/lagerlive\/#organization"},"potentialAction":[{"@type":"SearchAction","target":{"@type":"EntryPoint","urlTemplate":"https:\/\/ejwleo.de\/lagerlive\/?s={search_term_string}"},"query-input":{"@type":"PropertyValueSpecification","valueRequired":true,"valueName":"search_term_string"}}],"inLanguage":"de"},{"@type":"Organization","@id":"https:\/\/ejwleo.de\/lagerlive\/#organization","name":"LagerLive | Ev. Jugendwerk Bezirk Leonberg","url":"https:\/\/ejwleo.de\/lagerlive\/","logo":{"@type":"ImageObject","inLanguage":"de","@id":"https:\/\/ejwleo.de\/lagerlive\/#\/schema\/logo\/image\/","url":"","contentUrl":"","caption":"LagerLive | Ev. Jugendwerk Bezirk Leonberg"},"image":{"@id":"https:\/\/ejwleo.de\/lagerlive\/#\/schema\/logo\/image\/"}}]}},"_links":{"self":[{"href":"https:\/\/ejwleo.de\/lagerlive\/wp-json\/wp\/v2\/pages\/8","targetHints":{"allow":["GET"]}}],"collection":[{"href":"https:\/\/ejwleo.de\/lagerlive\/wp-json\/wp\/v2\/pages"}],"about":[{"href":"https:\/\/ejwleo.de\/lagerlive\/wp-json\/wp\/v2\/types\/page"}],"author":[{"embeddable":true,"href":"https:\/\/ejwleo.de\/lagerlive\/wp-json\/wp\/v2\/users\/1"}],"replies":[{"embeddable":true,"href":"https:\/\/ejwleo.de\/lagerlive\/wp-json\/wp\/v2\/comments?post=8"}],"version-history":[{"count":1,"href":"https:\/\/ejwleo.de\/lagerlive\/wp-json\/wp\/v2\/pages\/8\/revisions"}],"predecessor-version":[{"id":13,"href":"https:\/\/ejwleo.de\/lagerlive\/wp-json\/wp\/v2\/pages\/8\/revisions\/13"}],"wp:attachment":[{"href":"https:\/\/ejwleo.de\/lagerlive\/wp-json\/wp\/v2\/media?parent=8"}],"curies":[{"name":"wp","href":"https:\/\/api.w.org\/{rel}","templated":true}]}}